{"id":25295,"date":"2025-12-10T16:38:37","date_gmt":"2025-12-10T13:38:37","guid":{"rendered":"https:\/\/test.beautybaltic.com\/?post_type=product&#038;p=25295"},"modified":"2025-12-10T16:39:07","modified_gmt":"2025-12-10T13:39:07","slug":"0001-vibe-dnka-builder-gel-30ml-2","status":"publish","type":"product","link":"https:\/\/test.beautybaltic.com\/?product=0001-vibe-dnka-builder-gel-30ml-2&lang=lv","title":{"rendered":"0001 Vibe DNKa\u2019 Builder Gel \u2013 30ml"},"content":{"rendered":"<p>DNKa\u2019 Builder Gel ir univers\u0101ls un viegli lietojams model\u0113\u0161anas gels. Tas ir zemas temperat\u016bras, vid\u0113jas konsistences, t\u0101p\u0113c vienm\u0113r\u012bgi kl\u0101jas un pa\u0161izl\u012bdzin\u0101s. To izmanto vienf\u0101zu un tr\u012bsf\u0101zu sist\u0113m\u0101s. G\u0113ls \u013cauj izveidot sp\u0113c\u012bgu p\u0101rkl\u0101jumu, veidot pareizu arhitekt\u016bru un str\u0101d\u0101t bez v\u012bles. Perfekti notur arku un nedeform\u0113jas. Piem\u0113rots pieaudz\u0113\u0161anai uz zem\u0101k\u0101m form\u0101m, pieaudz\u0113\u0161anai tehnik\u0101 bez\/ar minim\u0101lu v\u012bl\u0113\u0161anu, pieaudz\u0113\u0161anas korekcijai, nagu pl\u0101k\u0161\u0146u model\u0113\u0161anai un nagu nostiprin\u0101\u0161anai.<\/p>\n<p>Lieto\u0161anas tehnolo\u0123ija:<\/p>\n<ul>\n<li>Veiciet\u00a0standarta meh\u0101nisko nagu sagatavo\u0161anu.<\/li>\n<li>Not\u012briet nagu virsmu ar DNKa\u2019 Nail Prep &amp; Cleanser 3in1.<\/li>\n<li>Uzkl\u0101jiet DNKa\u2019 Dehydrator.<\/li>\n<li>Uzkl\u0101jiet DNKa\u2019 Ultrabond.<\/li>\n<li>Uzkl\u0101jiet izv\u0113l\u0113to DNKa\u2019 b\u0101zes p\u0101rkl\u0101jumu, polimeriz\u0113jiet\u00a0LED\/UV 48W lamp\u0101 60 sekundes.<\/li>\n<li>Izv\u0113lieties un uzst\u0101diet formu pieaudz\u0113\u0161anai uz vai zem naga.<\/li>\n<li>Model\u0113jiet nagu ar izv\u0113l\u0113to Builder Gel \/ Jelly Gel \/ Liquid Acrylgel<\/li>\n<li>Polimeriz\u0113jiet LED\/UV 48W lamp\u0101 120-240 sekundes.<\/li>\n<li>No\u0146emiet lip\u012bgo sl\u0101ni, izmantojot\u00a0DNKa\u2019 Nail Prep &amp; Cleanser 3in1.<\/li>\n<li>Ja nepiecie\u0161ams, veiciet korekciju ar v\u012bli, uzkl\u0101jiet\u00a0izv\u0113l\u0113to DNKa\u2019 g\u0113la laku vai topu.<\/li>\n<\/ul>\n","protected":false},"excerpt":{"rendered":"<p>DNKa\u2019 Builder Gel ir univers\u0101ls un viegli lietojams model\u0113\u0161anas gels. Tas ir zemas temperat\u016bras, vid\u0113jas konsistences, t\u0101p\u0113c vienm\u0113r\u012bgi kl\u0101jas un pa\u0161izl\u012bdzin\u0101s. To izmanto vienf\u0101zu un tr\u012bsf\u0101zu sist\u0113m\u0101s. G\u0113ls \u013cauj izveidot sp\u0113c\u012bgu p\u0101rkl\u0101jumu, veidot pareizu arhitekt\u016bru un str\u0101d\u0101t bez v\u012bles. Perfekti notur arku un nedeform\u0113jas. Piem\u0113rots pieaudz\u0113\u0161anai uz zem\u0101k\u0101m form\u0101m, pieaudz\u0113\u0161anai tehnik\u0101 bez\/ar minim\u0101lu v\u012bl\u0113\u0161anu, pieaudz\u0113\u0161anas &hellip; <\/p>\n","protected":false},"featured_media":25296,"comment_status":"open","ping_status":"closed","template":"","meta":[],"product_brand":[2853],"product_cat":[2303,2069],"product_tag":[],"class_list":{"0":"post-25295","1":"product","2":"type-product","3":"status-publish","4":"has-post-thumbnail","6":"product_brand-dnka","7":"product_cat-akrigels-poligels-lv","8":"product_cat-dnka-lv","10":"first","11":"instock","12":"taxable","13":"shipping-taxable","14":"purchasable","15":"product-type-simple"},"yoast_head":"<!-- This site is optimized with the Yoast SEO Premium plugin v23.0 (Yoast SEO v26.4) - https:\/\/yoast.com\/wordpress\/plugins\/seo\/ -->\n<title>Beauty Baltic &#183; 0001 Vibe DNKa\u2019 Builder Gel \u2013 30ml<\/title>\n<meta name=\"robots\" content=\"index, follow, max-snippet:-1, max-image-preview:large, max-video-preview:-1\" \/>\n<link rel=\"canonical\" href=\"https:\/\/test.beautybaltic.com\/?product=0001-vibe-dnka-builder-gel-30ml-2&lang=lv\" \/>\n<meta property=\"og:locale\" content=\"en_US\" \/>\n<meta property=\"og:type\" content=\"article\" \/>\n<meta property=\"og:title\" content=\"0001 Vibe DNKa\u2019 Builder Gel \u2013 30ml\" \/>\n<meta property=\"og:description\" content=\"DNKa\u2019 Builder Gel ir univers\u0101ls un viegli lietojams model\u0113\u0161anas gels. Tas ir zemas temperat\u016bras, vid\u0113jas konsistences, t\u0101p\u0113c vienm\u0113r\u012bgi kl\u0101jas un pa\u0161izl\u012bdzin\u0101s. To izmanto vienf\u0101zu un tr\u012bsf\u0101zu sist\u0113m\u0101s. G\u0113ls \u013cauj izveidot sp\u0113c\u012bgu p\u0101rkl\u0101jumu, veidot pareizu arhitekt\u016bru un str\u0101d\u0101t bez v\u012bles. Perfekti notur arku un nedeform\u0113jas. Piem\u0113rots pieaudz\u0113\u0161anai uz zem\u0101k\u0101m form\u0101m, pieaudz\u0113\u0161anai tehnik\u0101 bez\/ar minim\u0101lu v\u012bl\u0113\u0161anu, pieaudz\u0113\u0161anas &hellip;\" \/>\n<meta property=\"og:url\" content=\"https:\/\/test.beautybaltic.com\/?product=0001-vibe-dnka-builder-gel-30ml-2&amp;lang=lv\" \/>\n<meta property=\"og:site_name\" content=\"Beauty Baltic\" \/>\n<meta property=\"article:publisher\" content=\"https:\/\/www.facebook.com\/siabeautybaltic\/?eid=ARDs6xwwnnHaxWoXNQhS1sgYf1tbsdYaa9nRKgzW46Bm5i4PkSKw97xrztQlMJEv9gOVxTp-o3Sq_Uwq\" \/>\n<meta property=\"article:modified_time\" content=\"2025-12-10T13:39:07+00:00\" \/>\n<meta property=\"og:image\" content=\"http:\/\/test.beautybaltic.com\/wp-content\/uploads\/2025\/12\/code0001-1.jpg\" \/>\n\t<meta property=\"og:image:width\" content=\"1000\" \/>\n\t<meta property=\"og:image:height\" content=\"1001\" \/>\n\t<meta property=\"og:image:type\" content=\"image\/jpeg\" \/>\n<meta name=\"twitter:card\" content=\"summary_large_image\" \/>\n<meta name=\"twitter:label1\" content=\"Est. reading time\" \/>\n\t<meta name=\"twitter:data1\" content=\"1 minute\" \/>\n<script type=\"application\/ld+json\" class=\"yoast-schema-graph\">{\"@context\":\"https:\/\/schema.org\",\"@graph\":[{\"@type\":\"WebPage\",\"@id\":\"https:\/\/test.beautybaltic.com\/?product=0001-vibe-dnka-builder-gel-30ml-2&lang=lv\",\"url\":\"https:\/\/test.beautybaltic.com\/?product=0001-vibe-dnka-builder-gel-30ml-2&lang=lv\",\"name\":\"Beauty Baltic &#183; 0001 Vibe DNKa\u2019 Builder Gel \u2013 30ml\",\"isPartOf\":{\"@id\":\"https:\/\/test.beautybaltic.com\/#website\"},\"primaryImageOfPage\":{\"@id\":\"https:\/\/test.beautybaltic.com\/?product=0001-vibe-dnka-builder-gel-30ml-2&lang=lv#primaryimage\"},\"image\":{\"@id\":\"https:\/\/test.beautybaltic.com\/?product=0001-vibe-dnka-builder-gel-30ml-2&lang=lv#primaryimage\"},\"thumbnailUrl\":\"https:\/\/test.beautybaltic.com\/wp-content\/uploads\/2025\/12\/code0001-1.jpg\",\"datePublished\":\"2025-12-10T13:38:37+00:00\",\"dateModified\":\"2025-12-10T13:39:07+00:00\",\"breadcrumb\":{\"@id\":\"https:\/\/test.beautybaltic.com\/?product=0001-vibe-dnka-builder-gel-30ml-2&lang=lv#breadcrumb\"},\"inLanguage\":\"en-US\",\"potentialAction\":[{\"@type\":\"ReadAction\",\"target\":[\"https:\/\/test.beautybaltic.com\/?product=0001-vibe-dnka-builder-gel-30ml-2&lang=lv\"]}]},{\"@type\":\"ImageObject\",\"inLanguage\":\"en-US\",\"@id\":\"https:\/\/test.beautybaltic.com\/?product=0001-vibe-dnka-builder-gel-30ml-2&lang=lv#primaryimage\",\"url\":\"https:\/\/test.beautybaltic.com\/wp-content\/uploads\/2025\/12\/code0001-1.jpg\",\"contentUrl\":\"https:\/\/test.beautybaltic.com\/wp-content\/uploads\/2025\/12\/code0001-1.jpg\",\"width\":1000,\"height\":1001},{\"@type\":\"BreadcrumbList\",\"@id\":\"https:\/\/test.beautybaltic.com\/?product=0001-vibe-dnka-builder-gel-30ml-2&lang=lv#breadcrumb\",\"itemListElement\":[{\"@type\":\"ListItem\",\"position\":1,\"name\":\"Home Page\",\"item\":\"https:\/\/test.beautybaltic.com\/\"},{\"@type\":\"ListItem\",\"position\":2,\"name\":\"All products\",\"item\":\"https:\/\/test.beautybaltic.com\/?page_id=113\"},{\"@type\":\"ListItem\",\"position\":3,\"name\":\"0001 Vibe DNKa\u2019 Builder Gel \u2013 30ml\"}]},{\"@type\":\"WebSite\",\"@id\":\"https:\/\/test.beautybaltic.com\/#website\",\"url\":\"https:\/\/test.beautybaltic.com\/\",\"name\":\"Beauty Baltic\",\"description\":\"\",\"publisher\":{\"@id\":\"https:\/\/test.beautybaltic.com\/#organization\"},\"potentialAction\":[{\"@type\":\"SearchAction\",\"target\":{\"@type\":\"EntryPoint\",\"urlTemplate\":\"https:\/\/test.beautybaltic.com\/?s={search_term_string}\"},\"query-input\":{\"@type\":\"PropertyValueSpecification\",\"valueRequired\":true,\"valueName\":\"search_term_string\"}}],\"inLanguage\":\"en-US\"},{\"@type\":\"Organization\",\"@id\":\"https:\/\/test.beautybaltic.com\/#organization\",\"name\":\"SIA \\\"Beauty Baltic\\\"\",\"url\":\"https:\/\/test.beautybaltic.com\/\",\"logo\":{\"@type\":\"ImageObject\",\"inLanguage\":\"en-US\",\"@id\":\"https:\/\/test.beautybaltic.com\/#\/schema\/logo\/image\/\",\"url\":\"https:\/\/test.beautybaltic.com\/wp-content\/uploads\/2020\/04\/logo-4.png\",\"contentUrl\":\"https:\/\/test.beautybaltic.com\/wp-content\/uploads\/2020\/04\/logo-4.png\",\"width\":704,\"height\":206,\"caption\":\"SIA \\\"Beauty Baltic\\\"\"},\"image\":{\"@id\":\"https:\/\/test.beautybaltic.com\/#\/schema\/logo\/image\/\"},\"sameAs\":[\"https:\/\/www.facebook.com\/siabeautybaltic\/?eid=ARDs6xwwnnHaxWoXNQhS1sgYf1tbsdYaa9nRKgzW46Bm5i4PkSKw97xrztQlMJEv9gOVxTp-o3Sq_Uwq\",\"https:\/\/www.instagram.com\/beauty_baltic\/\"]}]}<\/script>\n<!-- \/ Yoast SEO Premium plugin. -->","yoast_head_json":{"title":"Beauty Baltic &#183; 0001 Vibe DNKa\u2019 Builder Gel \u2013 30ml","robots":{"index":"index","follow":"follow","max-snippet":"max-snippet:-1","max-image-preview":"max-image-preview:large","max-video-preview":"max-video-preview:-1"},"canonical":"https:\/\/test.beautybaltic.com\/?product=0001-vibe-dnka-builder-gel-30ml-2&lang=lv","og_locale":"en_US","og_type":"article","og_title":"0001 Vibe DNKa\u2019 Builder Gel \u2013 30ml","og_description":"DNKa\u2019 Builder Gel ir univers\u0101ls un viegli lietojams model\u0113\u0161anas gels. Tas ir zemas temperat\u016bras, vid\u0113jas konsistences, t\u0101p\u0113c vienm\u0113r\u012bgi kl\u0101jas un pa\u0161izl\u012bdzin\u0101s. To izmanto vienf\u0101zu un tr\u012bsf\u0101zu sist\u0113m\u0101s. G\u0113ls \u013cauj izveidot sp\u0113c\u012bgu p\u0101rkl\u0101jumu, veidot pareizu arhitekt\u016bru un str\u0101d\u0101t bez v\u012bles. Perfekti notur arku un nedeform\u0113jas. Piem\u0113rots pieaudz\u0113\u0161anai uz zem\u0101k\u0101m form\u0101m, pieaudz\u0113\u0161anai tehnik\u0101 bez\/ar minim\u0101lu v\u012bl\u0113\u0161anu, pieaudz\u0113\u0161anas &hellip;","og_url":"https:\/\/test.beautybaltic.com\/?product=0001-vibe-dnka-builder-gel-30ml-2&lang=lv","og_site_name":"Beauty Baltic","article_publisher":"https:\/\/www.facebook.com\/siabeautybaltic\/?eid=ARDs6xwwnnHaxWoXNQhS1sgYf1tbsdYaa9nRKgzW46Bm5i4PkSKw97xrztQlMJEv9gOVxTp-o3Sq_Uwq","article_modified_time":"2025-12-10T13:39:07+00:00","og_image":[{"width":1000,"height":1001,"url":"http:\/\/test.beautybaltic.com\/wp-content\/uploads\/2025\/12\/code0001-1.jpg","type":"image\/jpeg"}],"twitter_card":"summary_large_image","twitter_misc":{"Est. reading time":"1 minute"},"schema":{"@context":"https:\/\/schema.org","@graph":[{"@type":"WebPage","@id":"https:\/\/test.beautybaltic.com\/?product=0001-vibe-dnka-builder-gel-30ml-2&lang=lv","url":"https:\/\/test.beautybaltic.com\/?product=0001-vibe-dnka-builder-gel-30ml-2&lang=lv","name":"Beauty Baltic &#183; 0001 Vibe DNKa\u2019 Builder Gel \u2013 30ml","isPartOf":{"@id":"https:\/\/test.beautybaltic.com\/#website"},"primaryImageOfPage":{"@id":"https:\/\/test.beautybaltic.com\/?product=0001-vibe-dnka-builder-gel-30ml-2&lang=lv#primaryimage"},"image":{"@id":"https:\/\/test.beautybaltic.com\/?product=0001-vibe-dnka-builder-gel-30ml-2&lang=lv#primaryimage"},"thumbnailUrl":"https:\/\/test.beautybaltic.com\/wp-content\/uploads\/2025\/12\/code0001-1.jpg","datePublished":"2025-12-10T13:38:37+00:00","dateModified":"2025-12-10T13:39:07+00:00","breadcrumb":{"@id":"https:\/\/test.beautybaltic.com\/?product=0001-vibe-dnka-builder-gel-30ml-2&lang=lv#breadcrumb"},"inLanguage":"en-US","potentialAction":[{"@type":"ReadAction","target":["https:\/\/test.beautybaltic.com\/?product=0001-vibe-dnka-builder-gel-30ml-2&lang=lv"]}]},{"@type":"ImageObject","inLanguage":"en-US","@id":"https:\/\/test.beautybaltic.com\/?product=0001-vibe-dnka-builder-gel-30ml-2&lang=lv#primaryimage","url":"https:\/\/test.beautybaltic.com\/wp-content\/uploads\/2025\/12\/code0001-1.jpg","contentUrl":"https:\/\/test.beautybaltic.com\/wp-content\/uploads\/2025\/12\/code0001-1.jpg","width":1000,"height":1001},{"@type":"BreadcrumbList","@id":"https:\/\/test.beautybaltic.com\/?product=0001-vibe-dnka-builder-gel-30ml-2&lang=lv#breadcrumb","itemListElement":[{"@type":"ListItem","position":1,"name":"Home Page","item":"https:\/\/test.beautybaltic.com\/"},{"@type":"ListItem","position":2,"name":"All products","item":"https:\/\/test.beautybaltic.com\/?page_id=113"},{"@type":"ListItem","position":3,"name":"0001 Vibe DNKa\u2019 Builder Gel \u2013 30ml"}]},{"@type":"WebSite","@id":"https:\/\/test.beautybaltic.com\/#website","url":"https:\/\/test.beautybaltic.com\/","name":"Beauty Baltic","description":"","publisher":{"@id":"https:\/\/test.beautybaltic.com\/#organization"},"potentialAction":[{"@type":"SearchAction","target":{"@type":"EntryPoint","urlTemplate":"https:\/\/test.beautybaltic.com\/?s={search_term_string}"},"query-input":{"@type":"PropertyValueSpecification","valueRequired":true,"valueName":"search_term_string"}}],"inLanguage":"en-US"},{"@type":"Organization","@id":"https:\/\/test.beautybaltic.com\/#organization","name":"SIA \"Beauty Baltic\"","url":"https:\/\/test.beautybaltic.com\/","logo":{"@type":"ImageObject","inLanguage":"en-US","@id":"https:\/\/test.beautybaltic.com\/#\/schema\/logo\/image\/","url":"https:\/\/test.beautybaltic.com\/wp-content\/uploads\/2020\/04\/logo-4.png","contentUrl":"https:\/\/test.beautybaltic.com\/wp-content\/uploads\/2020\/04\/logo-4.png","width":704,"height":206,"caption":"SIA \"Beauty Baltic\""},"image":{"@id":"https:\/\/test.beautybaltic.com\/#\/schema\/logo\/image\/"},"sameAs":["https:\/\/www.facebook.com\/siabeautybaltic\/?eid=ARDs6xwwnnHaxWoXNQhS1sgYf1tbsdYaa9nRKgzW46Bm5i4PkSKw97xrztQlMJEv9gOVxTp-o3Sq_Uwq","https:\/\/www.instagram.com\/beauty_baltic\/"]}]}},"_links":{"self":[{"href":"https:\/\/test.beautybaltic.com\/index.php?rest_route=\/wp\/v2\/product\/25295","targetHints":{"allow":["GET"]}}],"collection":[{"href":"https:\/\/test.beautybaltic.com\/index.php?rest_route=\/wp\/v2\/product"}],"about":[{"href":"https:\/\/test.beautybaltic.com\/index.php?rest_route=\/wp\/v2\/types\/product"}],"replies":[{"embeddable":true,"href":"https:\/\/test.beautybaltic.com\/index.php?rest_route=%2Fwp%2Fv2%2Fcomments&post=25295"}],"wp:featuredmedia":[{"embeddable":true,"href":"https:\/\/test.beautybaltic.com\/index.php?rest_route=\/wp\/v2\/media\/25296"}],"wp:attachment":[{"href":"https:\/\/test.beautybaltic.com\/index.php?rest_route=%2Fwp%2Fv2%2Fmedia&parent=25295"}],"wp:term":[{"taxonomy":"product_brand","embeddable":true,"href":"https:\/\/test.beautybaltic.com\/index.php?rest_route=%2Fwp%2Fv2%2Fproduct_brand&post=25295"},{"taxonomy":"product_cat","embeddable":true,"href":"https:\/\/test.beautybaltic.com\/index.php?rest_route=%2Fwp%2Fv2%2Fproduct_cat&post=25295"},{"taxonomy":"product_tag","embeddable":true,"href":"https:\/\/test.beautybaltic.com\/index.php?rest_route=%2Fwp%2Fv2%2Fproduct_tag&post=25295"}],"curies":[{"name":"wp","href":"https:\/\/api.w.org\/{rel}","templated":true}]}}